{"id":7,"date":"2025-11-27T17:45:02","date_gmt":"2025-11-27T17:45:02","guid":{"rendered":"https:\/\/caribooth.com\/?page_id=7"},"modified":"2026-01-18T20:00:46","modified_gmt":"2026-01-18T20:00:46","slug":"elementor-7","status":"publish","type":"page","link":"https:\/\/caribooth.com\/","title":{"rendered":""},"content":{"rendered":"\t\t<div data-elementor-type=\"wp-post\" data-elementor-id=\"7\" class=\"elementor elementor-7\">\n\t\t\t\t<div class=\"elementor-element elementor-element-5f38892 e-flex e-con-boxed e-con e-parent\" data-id=\"5f38892\" data-element_type=\"container\" data-e-type=\"container\">\n\t\t\t\t\t<div class=\"e-con-inner\">\n\t\t\t\t<div class=\"elementor-element elementor-element-2be1ef7 elementor-widget elementor-widget-image\" data-id=\"2be1ef7\" data-element_type=\"widget\" data-e-type=\"widget\" data-widget_type=\"image.default\">\n\t\t\t\t\t\t\t\t\t\t\t\t\t\t\t\t<a href=\"https:\/\/sylvainanimations.fr\" target=\"_blank\">\n\t\t\t\t\t\t\t<img fetchpriority=\"high\" decoding=\"async\" width=\"800\" height=\"150\" src=\"http:\/\/caribooth.com\/wp-content\/uploads\/2026\/01\/Caribooth-1.jpg\" class=\"elementor-animation-pop attachment-full size-full wp-image-51\" alt=\"\" srcset=\"http:\/\/caribooth.com\/wp-content\/uploads\/2026\/01\/Caribooth-1.jpg 800w, http:\/\/caribooth.com\/wp-content\/uploads\/2026\/01\/Caribooth-1-300x56.jpg 300w, http:\/\/caribooth.com\/wp-content\/uploads\/2026\/01\/Caribooth-1-768x144.jpg 768w\" sizes=\"(max-width: 800px) 100vw, 800px\" \/>\t\t\t\t\t\t\t\t<\/a>\n\t\t\t\t\t\t\t\t\t\t\t\t\t\t\t<\/div>\n\t\t\t\t\t<\/div>\n\t\t\t\t<\/div>\n\t\t<div class=\"elementor-element elementor-element-a41cb9b e-flex e-con-boxed e-con e-parent\" data-id=\"a41cb9b\" data-element_type=\"container\" data-e-type=\"container\">\n\t\t\t\t\t<div class=\"e-con-inner\">\n\t\t\t\t<div class=\"elementor-element elementor-element-e27e9d4 elementor-widget-divider--view-line elementor-widget elementor-widget-divider\" data-id=\"e27e9d4\" data-element_type=\"widget\" data-e-type=\"widget\" data-widget_type=\"divider.default\">\n\t\t\t\t\t\t\t<div class=\"elementor-divider\">\n\t\t\t<span class=\"elementor-divider-separator\">\n\t\t\t\t\t\t<\/span>\n\t\t<\/div>\n\t\t\t\t\t\t<\/div>\n\t\t\t\t\t<\/div>\n\t\t\t\t<\/div>\n\t\t<div class=\"elementor-element elementor-element-30e60a2 e-flex e-con-boxed e-con e-parent\" data-id=\"30e60a2\" data-element_type=\"container\" data-e-type=\"container\">\n\t\t\t\t\t<div class=\"e-con-inner\">\n\t\t<div class=\"elementor-element elementor-element-209d097 e-con-full e-flex e-con e-child\" data-id=\"209d097\" data-element_type=\"container\" data-e-type=\"container\">\n\t\t\t\t<div class=\"elementor-element elementor-element-93bc9ad elementor-widget elementor-widget-image\" data-id=\"93bc9ad\" data-element_type=\"widget\" data-e-type=\"widget\" data-widget_type=\"image.default\">\n\t\t\t\t\t\t\t\t\t\t\t\t\t\t\t<img decoding=\"async\" width=\"800\" height=\"800\" src=\"http:\/\/caribooth.com\/wp-content\/uploads\/2026\/01\/caribou-coucou.jpg\" class=\"attachment-large size-large wp-image-41\" alt=\"\" srcset=\"http:\/\/caribooth.com\/wp-content\/uploads\/2026\/01\/caribou-coucou.jpg 800w, http:\/\/caribooth.com\/wp-content\/uploads\/2026\/01\/caribou-coucou-300x300.jpg 300w, http:\/\/caribooth.com\/wp-content\/uploads\/2026\/01\/caribou-coucou-150x150.jpg 150w, http:\/\/caribooth.com\/wp-content\/uploads\/2026\/01\/caribou-coucou-768x768.jpg 768w\" sizes=\"(max-width: 800px) 100vw, 800px\" \/>\t\t\t\t\t\t\t\t\t\t\t\t\t\t\t<\/div>\n\t\t\t\t<\/div>\n\t\t<div class=\"elementor-element elementor-element-56369bb e-con-full e-flex e-con e-child\" data-id=\"56369bb\" data-element_type=\"container\" data-e-type=\"container\">\n\t\t\t\t<div class=\"elementor-element elementor-element-321b560 elementor-widget elementor-widget-text-editor\" data-id=\"321b560\" data-element_type=\"widget\" data-e-type=\"widget\" data-widget_type=\"text-editor.default\">\n\t\t\t\t\t\t\t\t\t<h2><strong data-start=\"136\" data-end=\"174\">Salut, moi c\u2019est monsieur Caribou.<\/strong><\/h2><p><br data-start=\"174\" data-end=\"177\" \/>Je vous pr\u00e9senterai tr\u00e8s vite la <em><strong data-start=\"196\" data-end=\"209\" data-is-only-node=\"\">Caribooth<\/strong><\/em>, une petite caravane photobooth pleine de charme, imagin\u00e9e pour apporter une touche de magie \u00e0 vos mariages et \u00e9v\u00e9nements.\u00a0<\/p><p>V\u00e9ritable espace de partage et de souvenirs, la Caribooth se transforme selon vos envies gr\u00e2ce \u00e0 des d\u00e9cors personnalis\u00e9s, adapt\u00e9s \u00e0 chaque th\u00e8me.\u00a0<\/p>\t\t\t\t\t\t\t\t<\/div>\n\t\t\t\t<\/div>\n\t\t\t\t\t<\/div>\n\t\t\t\t<\/div>\n\t\t<div class=\"elementor-element elementor-element-1890260 e-flex e-con-boxed e-con e-parent\" data-id=\"1890260\" data-element_type=\"container\" data-e-type=\"container\">\n\t\t\t\t\t<div class=\"e-con-inner\">\n\t\t<div class=\"elementor-element elementor-element-106faaa e-flex e-con-boxed e-con e-child\" data-id=\"106faaa\" data-element_type=\"container\" data-e-type=\"container\">\n\t\t\t\t\t<div class=\"e-con-inner\">\n\t\t\t\t<div class=\"elementor-element elementor-element-48cdeff elementor-widget elementor-widget-text-editor\" data-id=\"48cdeff\" data-element_type=\"widget\" data-e-type=\"widget\" data-widget_type=\"text-editor.default\">\n\t\t\t\t\t\t\t\t\t<h3><strong data-start=\"74\" data-end=\"172\">\u26a0\ufe0f Le site est actuellement <\/strong><strong data-start=\"74\" data-end=\"172\">en cours de construction&#8230; <\/strong><strong data-start=\"74\" data-end=\"172\">\u26a0\ufe0f<\/strong><\/h3><p><b>&#8230;<strong data-start=\"74\" data-end=\"172\">mais l\u2019aventure de la Caribooth a d\u00e9j\u00e0 commenc\u00e9 !<\/strong><\/b><\/p><p><b><br data-start=\"172\" data-end=\"175\" \/><\/b><b><\/b>Pour en savoir plus, n\u2019h\u00e9sitez pas \u00e0 nous \u00e9crire \u00e0 <strong data-start=\"228\" data-end=\"257\" data-is-only-node=\"\"><a class=\"decorated-link cursor-pointer\" href=\"mailto:caribooth.photo@gmail.com\" rel=\"noopener\" data-start=\"230\" data-end=\"255\">caribooth.photo@gmail.com<\/a><\/strong> ou \u00e0 cliquez sur le lien ci-dessous pour d\u00e9couvrir toutes les informations, r\u00e9server ou voir des photos suppl\u00e9mentaires.<\/p>\t\t\t\t\t\t\t\t<\/div>\n\t\t\t\t<div class=\"elementor-element elementor-element-4f17f55 elementor-button-info elementor-align-center elementor-widget elementor-widget-button\" data-id=\"4f17f55\" data-element_type=\"widget\" data-e-type=\"widget\" data-widget_type=\"button.default\">\n\t\t\t\t\t\t\t\t\t\t<a class=\"elementor-button elementor-button-link elementor-size-sm\" href=\"https:\/\/www.leboncoin.fr\/ad\/services_evenementiels\/3124972694\" target=\"_blank\">\n\t\t\t\t\t\t<span class=\"elementor-button-content-wrapper\">\n\t\t\t\t\t\t\t\t\t<span class=\"elementor-button-text\">Plus d'infos<\/span>\n\t\t\t\t\t<\/span>\n\t\t\t\t\t<\/a>\n\t\t\t\t\t\t\t\t<\/div>\n\t\t\t\t\t<\/div>\n\t\t\t\t<\/div>\n\t\t\t\t<div class=\"elementor-element elementor-element-62574c1 elementor-widget elementor-widget-image\" data-id=\"62574c1\" data-element_type=\"widget\" data-e-type=\"widget\" data-widget_type=\"image.default\">\n\t\t\t\t\t\t\t\t\t\t\t\t\t\t\t<img decoding=\"async\" width=\"800\" height=\"800\" src=\"http:\/\/caribooth.com\/wp-content\/uploads\/2026\/01\/caribou-chantier.png\" class=\"attachment-large size-large wp-image-44\" alt=\"\" srcset=\"http:\/\/caribooth.com\/wp-content\/uploads\/2026\/01\/caribou-chantier.png 1024w, http:\/\/caribooth.com\/wp-content\/uploads\/2026\/01\/caribou-chantier-300x300.png 300w, http:\/\/caribooth.com\/wp-content\/uploads\/2026\/01\/caribou-chantier-150x150.png 150w, http:\/\/caribooth.com\/wp-content\/uploads\/2026\/01\/caribou-chantier-768x768.png 768w\" sizes=\"(max-width: 800px) 100vw, 800px\" \/>\t\t\t\t\t\t\t\t\t\t\t\t\t\t\t<\/div>\n\t\t\t\t\t<\/div>\n\t\t\t\t<\/div>\n\t\t\t\t<\/div>\n\t\t","protected":false},"excerpt":{"rendered":"<p>Salut, moi c\u2019est monsieur Caribou. Je vous pr\u00e9senterai tr\u00e8s vite la Caribooth, une petite caravane photobooth pleine de charme, imagin\u00e9e pour apporter une touche de magie \u00e0 vos mariages et \u00e9v\u00e9nements.\u00a0 V\u00e9ritable espace de partage et de souvenirs, la Caribooth se transforme selon vos envies gr\u00e2ce \u00e0 des d\u00e9cors personnalis\u00e9s, adapt\u00e9s \u00e0 chaque th\u00e8me.\u00a0 \u26a0\ufe0f [&hellip;]<\/p>\n","protected":false},"author":1,"featured_media":0,"parent":0,"menu_order":0,"comment_status":"closed","ping_status":"closed","template":"","meta":{"footnotes":""},"class_list":["post-7","page","type-page","status-publish","hentry"],"_links":{"self":[{"href":"https:\/\/caribooth.com\/index.php\/wp-json\/wp\/v2\/pages\/7","targetHints":{"allow":["GET"]}}],"collection":[{"href":"https:\/\/caribooth.com\/index.php\/wp-json\/wp\/v2\/pages"}],"about":[{"href":"https:\/\/caribooth.com\/index.php\/wp-json\/wp\/v2\/types\/page"}],"author":[{"embeddable":true,"href":"https:\/\/caribooth.com\/index.php\/wp-json\/wp\/v2\/users\/1"}],"replies":[{"embeddable":true,"href":"https:\/\/caribooth.com\/index.php\/wp-json\/wp\/v2\/comments?post=7"}],"version-history":[{"count":23,"href":"https:\/\/caribooth.com\/index.php\/wp-json\/wp\/v2\/pages\/7\/revisions"}],"predecessor-version":[{"id":61,"href":"https:\/\/caribooth.com\/index.php\/wp-json\/wp\/v2\/pages\/7\/revisions\/61"}],"wp:attachment":[{"href":"https:\/\/caribooth.com\/index.php\/wp-json\/wp\/v2\/media?parent=7"}],"curies":[{"name":"wp","href":"https:\/\/api.w.org\/{rel}","templated":true}]}}